86)?
0
Suppose 0 = 3*t - 7*t + 5*y - 8, 0 = -2*t + 3*y - 6. Suppose 0 = -3*r - 5*u - 2 + t, 2*r - 18 = u. What is the remainder when 110 is divided by r?
5
Suppose -19 = -5*d + 6. Suppose 0 = -d*j - 0*j + 60. Let i(n) = n**3 + 37*n**2 + 23*n - 463. Calculate the remainder when j is divided by i(-36).
2
Calculate the remainder when 132/9 + 4/(-6) is divided by (-189)/(-7) - (166 - 151).
2
Let t(w) = -22*w - 37. Let b be t(-7). Suppose b*q = 111*q + 78. What is the remainder when 180 is divided by q?
11
Suppose 13*x - 3146 = 2*x. Let d = x + -256. Calculate the remainder when d is divided by 9.
3
Let s = 1460 + -1443. Calculate the remainder when 3041 is divided by s.
15
Let i = -4014 + 4863. What is the remainder when i is divided by 20?
9
Let l(v) = -47*v**3 - 2*v**2 - v + 2. Let t be l(-1). Suppose -5*s = -3*k + t - 234, -3*s = -3*k - 108. What is the remainder when 123 is divided by s?
6
Suppose -28*h = 2*h - 13230. Calculate the remainder when h is divided by (740/25)/((-12)/(-30)).
71
Suppose -j + 5*y = -96, 9*j = 7*j + y + 237. Let r = -83 + j. Calculate the remainder when 189 is divided by r.
37
Let n = -1893 + 1935. What is the remainder when 3904 is divided by n?
40
Let t(s) = 4*s**2 - 12*s + 31. Let w(y) = -y**3 - 3*y**2 + y - 7. Let l be w(-4). What is the remainder when t(l) is divided by 4?
3
Suppose -447*d + 436*d + 1287 = 0. Calculate the remainder when d is divided by 17.
15
Let m = -11 + 13. Suppose -5*i = -4*i - 2*q - 5, -m*i + 3*q + 14 = 0. What is the remainder when (0 + 3)/3 + 49 is divided by i?
11
What is the remainder when 14097 is divided by 9/((-63)/49) - (5*-58 - -1)?
279
Let u = -3632 - -3638. What is the remainder when 119 is divided by u?
5
Let c(x) = -x + 7. Let k be c(8). Let f(s) = 65*s**2 + 3*s + 1. Let h be f(k). Let o = -47 + h. What is the remainder when 61 is divided by o?
13
Let u(v) = 21*v**2 + 10*v + 7. Calculate the remainder when 60 is divided by u(-1).
6
Let o = 215 + -233. What is the remainder when o*(2 + (-18)/4) is divided by 12?
9
Let s(g) = g**2 + 21*g + 4. Let i be s(-21). Suppose 164 = 20*q - 16*q + i*d, -2*q + 5*d = -47. What is the remainder when 143 is divided by q?
35
Let t(d) = 43*d - 4. Suppose -c + 3*i + 59 = 0, -2*i - 1 = 9. What is the remainder when t(2) is divided by c?
38
Let s(x) = -105*x - 101. What is the remainder when s(-7) is divided by 53?
51
Let d(c) = 36*c - 1379. Calculate the remainder when d(57) is divided by 220.
13
Suppose o - 12 - 18 = -5*h, -5*h + 30 = 2*o. Calculate the remainder when 1419 is divided by 51 - (-5 + h) - 1.
47
Suppose 69 = 47*f - 272 + 12. Suppose -3*t = -160 - 149. Calculate the remainder when t is divided by f.
5
Suppose a - 520 - 192 = 0. Suppose -157 = -i - 5*w + 551, -i - 3*w = -a. Calculate the remainder when i is divided by 16.
14
Suppose 0 = -40*g + 5*p + 22315, 3*p + 555 = 40*g - 39*g. Calculate the remainder when g is divided by 144.
126
Let m(s) = -s + 6. Let j(p) = 1. Let x(q) = -4*j(q) + m(q). What is the remainder when 11 is divided by x(-3)?
1
Suppose 0 = -6621*r + 6638*r - 7939. What is the remainder when r is divided by 93?
2
Let n = 1740 + 733. What is the remainder when n is divided by 32?
9
Suppose -607 = -5*j - 4*x, j - 4*x = 4*j - 361. Calculate the remainder when j is divided by 119.
4
Let f(c) = -2*c**2 - 104*c + 17. What is the remainder when 99 is divided by f(-52)?
14
Let c = -25242 + 27062. What is the remainder when c is divided by 42?
14
Let b = 17413 + -17125. Calculate the remainder when 1132 is divided by b.
268
Let d(u) be the third derivative of u**6/120 - u**5/12 + 5*u**4/24 + 10*u**3/3 - 137*u**2. What is the remainder when d(6) is divided by 15?
11
Let l(c) = -c**2 + 37*c - 71. Let q = -40 - -74. What is the remainder when l(33) is divided by q?
27
Calculate the remainder when 526 is divided by ((-56)/(-10))/(220/(-25) + 9).
22
Calculate the remainder when 1294 is divided by 133 + (14 - 5) + 1.
7
Suppose 186 = -74*s + 77*s. Suppose 2*n - 7*n = 5*i - 425, 364 = 4*i - 2*n. Let g = i - s. Calculate the remainder when g is divided by 7.
6
Suppose 0 = -5*x + 1146*i - 1150*i + 20, 4*x - i = 16. Calculate the remainder when 419 is divided by x.
3
Suppose n - 3*l + 49 = l, -n = 4*l + 17. Let u = n - -53. Suppose 12*h - 17*h = -u. What is the remainder when 7 is divided by h?
3
Suppose 10*v + 4*v - 4710 = 13*v. Calculate the remainder when v is divided by 19.
17
Suppose -8772 = -9*w - 3264. Calculate the remainder when w is divided by 285.
42
Let a = 33 - 21. Let t(w) = -w**2 + 6*w**3 + 14*w - 7*w**3 + 46 - 39. Calculate the remainder when t(-5) is divided by a.
1
Suppose 35*o = 48*o - 325. Suppose -5*w + v + 53 = 2*v, 5*v + 10 = 0. What is the remainder when o is divided by w?
3
Let o(b) = b**3 - 4*b**2 - b - 26. Let t(r) = r**3 - 2*r**2 + 4*r - 2. Let n be t(2). Calculate the remainder when o(n) is divided by 22.
18
Let d = -2650 - -2984. Calculate the remainder when d is divided by 38.
30
Let q = 788 - 788. Let d(n) = 32*n + 17. Calculate the remainder when d(q) is divided by 6.
5
Suppose -18*a - 23 - 13 = 0. Calculate the remainder when 122 is divided by (a/(-12))/((-68)/(-27336)).
55
Suppose -v = -13 - 9. Suppose -7*q - d = 18*q - 148, 0 = -4*q + 5*d + 34. What is the remainder when v is divided by q?
4
Let k be -3 - 436*(-9)/2. Suppose -4*z = -z - k. Calculate the remainder when z is divided by 16.
13
Let h be 2/(4 + 2 + -5). Suppose -3*i + 21 = b, h*b = -4*i + 20 + 20. What is the remainder when 120/5*8/6 is divided by b?
14
Suppose 283 + 37 = 10*y. Let s = -28 - -2. What is the remainder when y is divided by (-34)/4*s/13?
15
Let w = -48 - -40. Let r(m) = -m**3 - 7*m**2 + 2. Let s be r(w). Suppose -t - 2 = -s. Calculate the remainder when t is divided by 17.
13
Let g be (-2)/(-1)*273/21. Suppose 5*t - 381 = -4*v, v - g = -3*t + 71. What is the remainder when v is divided by 11?
6
Let i be 16/6*(-21)/2. Let j = i - -47. Let k = 482 - 446. What is the remainder when k is divided by j?
17
Let w be 1138/(-10) - (-3)/(-15). Let a = -8 - w. Let r(p) = 2*p**3 + 41*p**2 - 21*p + 18. Calculate the remainder when a is divided by r(-21).
16
Suppose -4*w - 117 = -t, w + 3*w + 537 = 5*t. Suppose -5*m = -4*r - t, m - 135 = -4*m - 2*r. Let u = -9 + m. What is the remainder when 31 is divided by u?
15
Let v = 177 - 172. Suppose h + v*o - 149 = 0, 0 = 2*h + o + o - 274. Calculate the remainder when h is divided by 27.
26
What is the remainder when -4*9/468 - -690*(-1160)/(-208) is divided by 7?
5
Let r(h) = h**2 + h + 31. Suppose -o = -119 + 51. Calculate the remainder when o is divided by r(0).
6
Calculate the remainder when 134 is divided by 762/3429 + 122/18 + 1.
6
Suppose -3*j + 238 = 565. Let o = j - -78. Let h = o - -54. Calculate the remainder when 66 is divided by h.
20
Suppose -4275 = 18*w - 945. Let m = w - -230. Calculate the remainder when 176 is divided by m.
41
Let n be (-9)/(-3) + 2 + -7 + 2. Suppose -4*t + 57 = -n*g + g, -9 = 3*g. What is the remainder when 149 is divided by t?
14
Let l be 14/(-35) + (214/(-5))/(-2). What is the remainder when (-270)/l*(-70)/3 is divided by 43?
42
Let l(i) = i**3 + 8*i**2 + 6*i + 6. Suppose 0 = 107*f - 536 - 202 - 653. What is the remainder when l(-5) is divided by f?
12
Suppose 0 = -11*h + 4*h + 784. What is the remainder when h is divided by 28?
0
Suppose -3*o + 54 = -4*f, -2*o + 404*f = 405*f - 14. Let y(n) = 5*n**2 + n - 4. Calculate the remainder when y(-3) is divided by o.
8
Let y(a) = 557*a**2 - 6*a + 5. Let z be y(1). Suppose 1079 = 15*c - z. What is the remainder when c is divided by 29?
22
Suppose -3423 = 19*p - 22*p. Let t = 1216 - p. Calculate the remainder when t is divided by 0/(-1) - -1*13.
10
Let v = 185 + -432. Let k = -156 - v. Let w = -47 + 78. Calculate the remainder when k is divided by w.
29
Let v(u) = -2*u**3 - 23*u - 58. Calculate the remainder when v(-12) is divided by 147.
146
Suppose -364 = -4595*d + 4591*d. Calculate the remainder when 3001 is divided by d.
89
Let u = -6 - -21. Let q be (7 - (2 - -4))*(-3 + -37). Let h = 42 + q. What is the remainder when u is divided by h?
1
Let v(h) = -h**3 + 3*h**2 - h + 65. Let n = -43 + 43. Let a be v(n). Let z = -37 + a. Calculate the remainder when z is divided by 16.
12
Suppose 3913 = -12*i + 17353. Calculate